{"id":4222,"date":"2021-03-26T14:48:58","date_gmt":"2021-03-26T12:48:58","guid":{"rendered":"http:\/\/www.eda-ltd.com.tr\/?page_id=4222"},"modified":"2024-01-26T17:38:57","modified_gmt":"2024-01-26T15:38:57","slug":"kataloglar","status":"publish","type":"page","link":"https:\/\/www.eda-ltd.com.tr\/index.php\/kataloglar\/","title":{"rendered":"Bro\u015f\u00fcrler"},"content":{"rendered":"<div class=\"columna\" style=\"padding-right: 60px; width: 200px; padding-left: 0px; \/*! align-content: center; *\/ margin-top: 7px;\">\n<p style=\"margin-bottom: 7px; margin-top: 7px;\"><a class=\"wplightbox\" title=\"EDA Tasar\u0131m\" href=\"https:\/\/www.eda-ltd.com.tr\/wp-content\/uploads\/2021\/03\/1_eda_2021_web.pdf\" data-width=\"960\" data-height=\"544\"><img loading=\"lazy\" class=\"zoom\" style=\"\/*! margin-left: 50px;\" src=\"https:\/\/www.eda-ltd.com.tr\/wp-content\/uploads\/2018\/10\/KAPAKLAR_yazili_son_eda_full-724x1024.jpg\" sizes=\"(max-width: 724px) 100vw, 724px\" srcset=\"https:\/\/www.eda-ltd.com.tr\/wp-content\/uploads\/2018\/10\/KAPAKLAR_yazili_son_eda_full-724x1024.jpg\" alt=\"\" width=\"724\" height=\"1024\" \/><\/a><\/p>\n<div style=\"\/*! padding-top: 10px; *\/ font-size: 13px; text-align: center;\"><a class=\"wplightbox\" title=\"EDA Tasar\u0131m\" href=\"https:\/\/www.eda-ltd.com.tr\/wp-content\/uploads\/2021\/03\/1_eda_2021_web.pdf\" data-width=\"960\" data-height=\"544\">EDA Tasar\u0131m<\/a><\/div>\n<\/div>\n<div class=\"columna\" style=\"padding-right: 60px; width: 200px; padding-left: 0px; \/*! align-content: center; *\/ margin-top: 7px;\">\n<p style=\"margin-bottom: 7px; margin-top: 7px;\"><a class=\"wplightbox\" title=\"BALLISTICeda\" href=\"https:\/\/www.eda-ltd.com.tr\/wp-content\/uploads\/2021\/06\/ballisticeda_brosur_2021_150dpi-2.pdf\" data-width=\"960\" data-height=\"544\"><img loading=\"lazy\" class=\"zoom\" style=\"\/*! margin-left: 50px;\" src=\"https:\/\/www.eda-ltd.com.tr\/wp-content\/uploads\/2018\/10\/KAPAKLAR_yazili_son_ballisticeda_full-1-724x1024.jpg\" sizes=\"(max-width: 724px) 100vw, 724px\" srcset=\"https:\/\/www.eda-ltd.com.tr\/wp-content\/uploads\/2018\/10\/KAPAKLAR_yazili_son_ballisticeda_full-1-724x1024.jpg\" alt=\"\" width=\"724\" height=\"1024\" \/><\/a><\/p>\n<div style=\"\/*! padding-top: 10px; *\/ font-size: 13px; text-align: center;\"><a class=\"wplightbox\" title=\"EDA Tasar\u0131m\" href=\"https:\/\/www.eda-ltd.com.tr\/wp-content\/uploads\/2021\/06\/ballisticeda_brosur_2021_150dpi-2.pdf\" data-width=\"960\" data-height=\"544\">BALLISTICeda<\/a><\/div>\n<\/div>\n<div class=\"columna\" style=\"padding-right: 20px; width: 200px; padding-left: 0px; \/*! align-content: center; *\/ margin-top: 7px;\">\n<p style=\"margin-bottom: 7px; margin-top: 7px;\"><a class=\"wplightbox\" title=\"\u00dcr\u00fcnler\" href=\"https:\/\/www.eda-ltd.com.tr\/wp-content\/uploads\/2021\/03\/urunler_brosur_2021_quick.pdf\" data-width=\"960\" data-height=\"544\"><img loading=\"lazy\" class=\"zoom\" style=\"\/*! margin-left: 50px;\" src=\"https:\/\/www.eda-ltd.com.tr\/wp-content\/uploads\/2018\/10\/KAPAKLAR_yazili_son_urunler_full-724x1024.jpg\" sizes=\"(max-width: 724px) 100vw, 724px\" srcset=\"https:\/\/www.eda-ltd.com.tr\/wp-content\/uploads\/2018\/10\/KAPAKLAR_yazili_son_urunler_full-724x1024.jpg\" alt=\"\" width=\"724\" height=\"1024\" \/><\/a><\/p>\n<div style=\"\/*! padding-top: 10px; *\/ font-size: 13px; text-align: center;\"><a class=\"wplightbox\" title=\"EDA Tasar\u0131m\" href=\"https:\/\/www.eda-ltd.com.tr\/wp-content\/uploads\/2021\/03\/urunler_brosur_2021_quick.pdf\" data-width=\"960\" data-height=\"544\">CAEeda ve Di\u011fer \u00dcr\u00fcnler<\/a><\/div>\n<\/div>\n","protected":false},"excerpt":{"rendered":"<p>EDA Tasar\u0131m BALLISTICeda CAEeda ve Di\u011fer \u00dcr\u00fcnler<\/p>\n","protected":false},"author":1,"featured_media":0,"parent":0,"menu_order":13,"comment_status":"closed","ping_status":"closed","template":"","meta":[],"_links":{"self":[{"href":"https:\/\/www.eda-ltd.com.tr\/index.php\/wp-json\/wp\/v2\/pages\/4222"}],"collection":[{"href":"https:\/\/www.eda-ltd.com.tr\/index.php\/wp-json\/wp\/v2\/pages"}],"about":[{"href":"https:\/\/www.eda-ltd.com.tr\/index.php\/wp-json\/wp\/v2\/types\/page"}],"author":[{"embeddable":true,"href":"https:\/\/www.eda-ltd.com.tr\/index.php\/wp-json\/wp\/v2\/users\/1"}],"replies":[{"embeddable":true,"href":"https:\/\/www.eda-ltd.com.tr\/index.php\/wp-json\/wp\/v2\/comments?post=4222"}],"version-history":[{"count":12,"href":"https:\/\/www.eda-ltd.com.tr\/index.php\/wp-json\/wp\/v2\/pages\/4222\/revisions"}],"predecessor-version":[{"id":4895,"href":"https:\/\/www.eda-ltd.com.tr\/index.php\/wp-json\/wp\/v2\/pages\/4222\/revisions\/4895"}],"wp:attachment":[{"href":"https:\/\/www.eda-ltd.com.tr\/index.php\/wp-json\/wp\/v2\/media?parent=4222"}],"curies":[{"name":"wp","href":"https:\/\/api.w.org\/{rel}","templated":true}]}}