{"id":4070,"date":"2018-11-30T15:31:44","date_gmt":"2018-11-30T13:31:44","guid":{"rendered":"http:\/\/www.eda-ltd.com.tr\/?page_id=4070"},"modified":"2021-05-07T16:40:58","modified_gmt":"2021-05-07T14:40:58","slug":"ar-ge-calismalari-2","status":"publish","type":"page","link":"https:\/\/www.eda-ltd.com.tr\/index.php\/faaliyetler\/ar-ge-calismalari-2\/","title":{"rendered":"AR-GE \u00c7al\u0131\u015fmalar\u0131"},"content":{"rendered":"\t\t<div class=\"elementor elementor-4070\">\n\t\t\t<div class=\"elementor-inner\">\n\t\t\t\t<div class=\"elementor-section-wrap\">\n\t\t\t\t\t\t\t<section data-id=\"84d902d\" class=\"elementor-element elementor-element-84d902d elementor-section-boxed elementor-section-height-default elementor-section-height-default elementor-section elementor-top-section\" data-element_type=\"section\">\n\t\t\t\t\t\t<div class=\"elementor-container elementor-column-gap-default\">\n\t\t\t\t<div class=\"elementor-row\">\n\t\t\t\t<div data-id=\"a936d40\" class=\"elementor-element elementor-element-a936d40 elementor-column elementor-col-100 elementor-top-column\" data-element_type=\"column\">\n\t\t\t<div class=\"elementor-column-wrap elementor-element-populated\">\n\t\t\t\t\t<div class=\"elementor-widget-wrap\">\n\t\t\t\t<div data-id=\"924815c\" class=\"elementor-element elementor-element-924815c elementor-widget elementor-widget-text-editor\" data-element_type=\"text-editor.default\">\n\t\t\t\t<div class=\"elementor-widget-container\">\n\t\t\t\t\t<div class=\"elementor-text-editor elementor-clearfix\"><p style=\"color: #c0c0c0; text-align: right; margin-left: 0px; margin-bottom: 0px; font-size: 30px; margin-top: -10px; font-family: arial;\">Ama\u00e7<\/p>\n\n\n<hr style=\"margin-top: 10px; border: solid #d6d6d6; border-width: 1px 0 0; margin-bottom: 30px;\" \/><\/div>\n\t\t\t\t<\/div>\n\t\t\t\t<\/div>\n\t\t\t\t\t\t<\/div>\n\t\t\t<\/div>\n\t\t<\/div>\n\t\t\t\t\t\t<\/div>\n\t\t\t<\/div>\n\t\t<\/section>\n\t\t\t\t<section data-id=\"9b76b95\" class=\"elementor-element elementor-element-9b76b95 elementor-section-boxed elementor-section-height-default elementor-section-height-default elementor-section elementor-top-section\" data-element_type=\"section\">\n\t\t\t\t\t\t<div class=\"elementor-container elementor-column-gap-default\">\n\t\t\t\t<div class=\"elementor-row\">\n\t\t\t\t<div data-id=\"b370f26\" class=\"elementor-element elementor-element-b370f26 elementor-column elementor-col-100 elementor-top-column\" data-element_type=\"column\">\n\t\t\t<div class=\"elementor-column-wrap elementor-element-populated\">\n\t\t\t\t\t<div class=\"elementor-widget-wrap\">\n\t\t\t\t<div data-id=\"88ea2db\" class=\"elementor-element elementor-element-88ea2db elementor-widget elementor-widget-text-editor\" data-element_type=\"text-editor.default\">\n\t\t\t\t<div class=\"elementor-widget-container\">\n\t\t\t\t\t<div class=\"elementor-text-editor elementor-clearfix\"><p style=\"margin-top: -20px; margin-bottom: -20px; font-size: 13px; font-family: arial; font-weight: 100; color:#444444;\">Karma\u015f\u0131k m\u00fchendislik tasar\u0131m problemlerinin \u00e7\u00f6z\u00fcm\u00fc ve ileri teknoloji \u00fcr\u00fcn\u00fc tasar\u0131mlar\u0131n geli\u015ftirilmesine y\u00f6nelik \u00e7al\u0131\u015fmalar i\u00e7in gerekli olan\u2026<\/p>\n\n<ul style=\"margin-bottom: 10px; font-size: 13px; font-family: arial; font-weight: 100; color:#444444;\">\n \t<li>\u2026m\u00fchendislik yeteneklerinin kazan\u0131lmas\u0131<\/li>\n \t<li>\u2026m\u00fchendislik bilgi birikiminin olu\u015fturulmas\u0131<\/li>\n \t<li>\u2026m\u00fchendislik tasar\u0131m \u2013 analiz yaz\u0131l\u0131mlar\u0131n\u0131n geli\u015ftirilmesi<\/li>\n<\/ul><\/div>\n\t\t\t\t<\/div>\n\t\t\t\t<\/div>\n\t\t\t\t\t\t<\/div>\n\t\t\t<\/div>\n\t\t<\/div>\n\t\t\t\t\t\t<\/div>\n\t\t\t<\/div>\n\t\t<\/section>\n\t\t\t\t<section data-id=\"3519771\" class=\"elementor-element elementor-element-3519771 elementor-section-boxed elementor-section-height-default elementor-section-height-default elementor-section elementor-top-section\" data-element_type=\"section\">\n\t\t\t\t\t\t<div class=\"elementor-container elementor-column-gap-default\">\n\t\t\t\t<div class=\"elementor-row\">\n\t\t\t\t<div data-id=\"a6a5f13\" class=\"elementor-element elementor-element-a6a5f13 elementor-column elementor-col-100 elementor-top-column\" data-element_type=\"column\">\n\t\t\t<div class=\"elementor-column-wrap elementor-element-populated\">\n\t\t\t\t\t<div class=\"elementor-widget-wrap\">\n\t\t\t\t<div data-id=\"fc4a680\" class=\"elementor-element elementor-element-fc4a680 elementor-widget elementor-widget-text-editor\" data-element_type=\"text-editor.default\">\n\t\t\t\t<div class=\"elementor-widget-container\">\n\t\t\t\t\t<div class=\"elementor-text-editor elementor-clearfix\"><p style=\"color: #c0c0c0; text-align: right; margin-left: 0px; margin-bottom: 0px; font-size: 30px; margin-top: -10px; font-family: arial;\">Faaliyetler<\/p>\n\n\n<hr style=\"margin-top: 10px; border: solid #d6d6d6; border-width: 1px 0 0; margin-bottom: 30px;\" \/><\/div>\n\t\t\t\t<\/div>\n\t\t\t\t<\/div>\n\t\t\t\t\t\t<\/div>\n\t\t\t<\/div>\n\t\t<\/div>\n\t\t\t\t\t\t<\/div>\n\t\t\t<\/div>\n\t\t<\/section>\n\t\t\t\t<section data-id=\"4aa4c73\" class=\"elementor-element elementor-element-4aa4c73 elementor-section-boxed elementor-section-height-default elementor-section-height-default elementor-section elementor-top-section\" data-element_type=\"section\">\n\t\t\t\t\t\t<div class=\"elementor-container elementor-column-gap-default\">\n\t\t\t\t<div class=\"elementor-row\">\n\t\t\t\t<div data-id=\"cc0b76a\" class=\"elementor-element elementor-element-cc0b76a elementor-column elementor-col-100 elementor-top-column\" data-element_type=\"column\">\n\t\t\t<div class=\"elementor-column-wrap elementor-element-populated\">\n\t\t\t\t\t<div class=\"elementor-widget-wrap\">\n\t\t\t\t<div data-id=\"9dbd0e6\" class=\"elementor-element elementor-element-9dbd0e6 elementor-widget elementor-widget-text-editor\" data-element_type=\"text-editor.default\">\n\t\t\t\t<div class=\"elementor-widget-container\">\n\t\t\t\t\t<div class=\"elementor-text-editor elementor-clearfix\"><p style=\"margin-top: -20px; margin-bottom: -20px; font-size: 13px; font-family: arial; font-weight: 100; color:#444444;\">\u0130lgili sekt\u00f6r kurulu\u015flar\u0131 taraf\u0131ndan; tasar\u0131m geli\u015ftirme, iyile\u015ftirme ya da optimizasyonu amac\u0131 ile\u2026<\/p>\n\n<ul style=\"font-size: 13px; font-family: arial; font-weight: 100; color:#444444;\">\n \t<li>\u2026y\u00fcr\u00fct\u00fclmekte olan \u00e7al\u0131\u015fmalar s\u0131ras\u0131nda talep edilen m\u00fchendislik hizmetleri kapsam\u0131nda yap\u0131lan \u00e7al\u0131\u015fmalar<\/li>\n \t<li>\u2026yap\u0131lmas\u0131 planan proje \u00e7al\u0131\u015fmalar\u0131nda ihtiya\u00e7 duyulacak ve hali haz\u0131rda mevcut olmayan tasar\u0131m \u2013 analiz yetenekleri ve\/veya yaz\u0131l\u0131mlar\u0131n\u0131n geli\u015ftirilmesine y\u00f6nelik \u00e7al\u0131\u015fmalar<\/li>\n<\/ul><\/div>\n\t\t\t\t<\/div>\n\t\t\t\t<\/div>\n\t\t\t\t\t\t<\/div>\n\t\t\t<\/div>\n\t\t<\/div>\n\t\t\t\t\t\t<\/div>\n\t\t\t<\/div>\n\t\t<\/section>\n\t\t\t\t<section data-id=\"1070f30\" class=\"elementor-element elementor-element-1070f30 elementor-section-boxed elementor-section-height-default elementor-section-height-default elementor-section elementor-top-section\" data-settings=\"{&quot;background_background&quot;:&quot;gradient&quot;}\" data-element_type=\"section\">\n\t\t\t\t\t\t<div class=\"elementor-container elementor-column-gap-default\">\n\t\t\t\t<div class=\"elementor-row\">\n\t\t\t\t<div data-id=\"54b4906\" class=\"elementor-element elementor-element-54b4906 elementor-column elementor-col-100 elementor-top-column\" data-element_type=\"column\">\n\t\t\t<div class=\"elementor-column-wrap elementor-element-populated\">\n\t\t\t\t\t<div class=\"elementor-widget-wrap\">\n\t\t\t\t<div data-id=\"c410aa2\" class=\"elementor-element elementor-element-c410aa2 elementor-widget elementor-widget-text-editor\" data-element_type=\"text-editor.default\">\n\t\t\t\t<div class=\"elementor-widget-container\">\n\t\t\t\t\t<div class=\"elementor-text-editor elementor-clearfix\"><p id=\"rules2\" style=\"margin-left: 15px; font-style: italic; font-family: arial; font-size: 13px; font-weight: bold; color: #444444;\"><span style=\"font-size: 10pt;\">A\u00e7\u0131klama<\/span><\/p><p style=\"margin-left: 15px; margin-bottom: 10px; font-size: 13px; font-family: arial; margin-right: 10px; color: #444444;\"><span style=\"font-size: 10pt;\">Mevcut problem ve talepler do\u011frultusunda s\u00fcrd\u00fcrd\u00fc\u011f\u00fc ara\u015ft\u0131rma-geli\u015ftirme \u00e7al\u0131\u015fmalar\u0131n\u0131n yan\u0131 s\u0131ra, g\u00fcncel teknolojik geli\u015fmelere paralel olarak, sekt\u00f6r kurum\/kurulu\u015flar\u0131n\u0131n k\u0131sa, orta ve uzun vadeli istek ve ihtiya\u00e7lar\u0131na da yan\u0131t verebilmek amac\u0131 ile g\u00fcncel teknolojik geli\u015fmeleri s\u00fcrekli ve yak\u0131ndan takip eden EDA, yenilik\u00e7i tasar\u0131m ve \u00e7\u00f6z\u00fcm yeteneklerini geli\u015ftirmeye devam etmektedir.<\/span><\/p><p style=\"margin-left: 15px; margin-bottom: 10px; \/*! font-size: 12px; *\/font-family: arial; margin-right: 10px; color: #444444;\"><span style=\"font-size: 10pt;\">Bu kapsamda y\u00fcr\u00fctt\u00fc\u011f\u00fc ve y\u00fcr\u00fctmekte oldu\u011fu Ar-Ge projelerinden 5\u2019i T\u00dcB\u0130TAK-TEYDEB kapsam\u0131nda desteklenmi\u015f olup, \u201cKompleks Y\u00fczey Geometrileri \u0130\u00e7in Parametrik D\u00fczensiz \u00c7\u00f6z\u00fcma\u011f\u0131 Ve Kat\u0131 Model Yaz\u0131l\u0131m\u0131 Geli\u015ftirme\u201d konulu projesi T\u00dcB\u0130TAK 2015-2016 Ba\u015far\u0131 \u00d6yk\u00fcleri kitab\u0131nda yay\u0131nlanm\u0131\u015ft\u0131r.<\/span><\/p><p style=\"margin-left: 15px; margin-bottom: 10px; \/*! font-size: 12px; *\/font-family: arial; margin-right: 10px; color: #444444;\"><span style=\"font-size: 10pt;\">\u00c7al\u0131\u015fma alan ve konular\u0131na ait olarak yapt\u0131\u011f\u0131 yay\u0131nlar uluslararas\u0131 sayg\u0131n dergilerde yay\u0131nlanm\u0131\u015f, kongre ve konferanslarda sunulmu\u015ftur.<\/span><\/p><\/div>\n\t\t\t\t<\/div>\n\t\t\t\t<\/div>\n\t\t\t\t\t\t<\/div>\n\t\t\t<\/div>\n\t\t<\/div>\n\t\t\t\t\t\t<\/div>\n\t\t\t<\/div>\n\t\t<\/section>\n\t\t\t\t<section data-id=\"bae0533\" class=\"elementor-element elementor-element-bae0533 elementor-section-boxed elementor-section-height-default elementor-section-height-default elementor-section elementor-top-section\" data-element_type=\"section\">\n\t\t\t\t\t\t<div class=\"elementor-container elementor-column-gap-default\">\n\t\t\t\t<div class=\"elementor-row\">\n\t\t\t\t<div data-id=\"b84997b\" class=\"elementor-element elementor-element-b84997b elementor-column elementor-col-100 elementor-top-column\" data-element_type=\"column\">\n\t\t\t<div class=\"elementor-column-wrap elementor-element-populated\">\n\t\t\t\t\t<div class=\"elementor-widget-wrap\">\n\t\t\t\t<section data-id=\"5e21396\" class=\"elementor-element elementor-element-5e21396 elementor-section-boxed elementor-section-height-default elementor-section-height-default elementor-section elementor-inner-section\" data-settings=\"{&quot;background_background&quot;:&quot;gradient&quot;}\" data-element_type=\"section\">\n\t\t\t\t\t\t<div class=\"elementor-container elementor-column-gap-default\">\n\t\t\t\t<div class=\"elementor-row\">\n\t\t\t\t<div data-id=\"edab1eb\" class=\"elementor-element elementor-element-edab1eb elementor-column elementor-col-50 elementor-inner-column\" data-element_type=\"column\">\n\t\t\t<div class=\"elementor-column-wrap elementor-element-populated\">\n\t\t\t\t\t<div class=\"elementor-widget-wrap\">\n\t\t\t\t<div data-id=\"6a1a187\" class=\"elementor-element elementor-element-6a1a187 elementor-widget elementor-widget-text-editor\" data-element_type=\"text-editor.default\">\n\t\t\t\t<div class=\"elementor-widget-container\">\n\t\t\t\t\t<div class=\"elementor-text-editor elementor-clearfix\"><p style=\"margin-left: 15px; font-style: italic; font-family: arial; font-size: 13px; font-weight: bold; color: #444444;\"><span style=\"font-size: 10pt;\">Konular<\/span><\/p><ul style=\"margin-top: 0px; margin-bottom: -20px; margin-left: 35px; font-family: arial; font-size: 13px; color: #444444;\"><li><span style=\"font-size: 10pt;\">Bilgisayar Hesaplamal\u0131 Ak\u0131\u015fkanlar Dinami\u011fi (CFD)<\/span><\/li><li><span style=\"font-size: 10pt;\">Bilgisayar Hesaplamal\u0131 Kat\u0131 Dinami\u011fi (CSD)<\/span><\/li><li><span style=\"font-size: 10pt;\">Ak\u0131\u015f-Yap\u0131 Etkile\u015fimi (Fluid Structure Interaction)<\/span><\/li><li><span style=\"font-size: 10pt;\">Topoloji Optimizasyonu<\/span><\/li><li><span style=\"font-size: 10pt;\">Bilgisayar Hesaplamal\u0131 Balistik Tasar\u0131m ve Analiz<\/span><\/li><li><span style=\"font-size: 10pt;\">Bilgisayar Hesaplamal\u0131 Is\u0131 Transferi<\/span><\/li><li><span style=\"font-size: 10pt;\">Unstructured Euler ve Navier Stokes \u00c7\u00f6z\u00fcc\u00fcler<\/span><\/li><li><span style=\"font-size: 10pt;\">Aeroelastisite<\/span><\/li><li><span style=\"font-size: 10pt;\">D\u00fczenli-D\u00fczensiz \u00c7\u00f6z\u00fcma\u011f\u0131 Olu\u015fturma ve Adaptasyonu<\/span><\/li><li><span style=\"font-size: 10pt;\">Hareketli Y\u00fczeylerin \u00c7\u00f6z\u00fcm\u00fc (Moving Boundary Problems)<\/span><\/li><li><span style=\"font-size: 10pt;\">Harici Y\u00fck Ayr\u0131lmas\u0131 (Store Separation)<\/span><\/li><li><span style=\"font-size: 10pt;\">T\u00fcrb\u00fclans Modelleri<\/span><\/li><li><span style=\"font-size: 10pt;\">Aerodinamik Is\u0131nma<\/span><\/li><li><span style=\"font-size: 10pt;\">Aeroakustik<\/span><\/li><\/ul><\/div>\n\t\t\t\t<\/div>\n\t\t\t\t<\/div>\n\t\t\t\t\t\t<\/div>\n\t\t\t<\/div>\n\t\t<\/div>\n\t\t\t\t<div data-id=\"81e6c03\" class=\"elementor-element elementor-element-81e6c03 elementor-column elementor-col-50 elementor-inner-column\" data-element_type=\"column\">\n\t\t\t<div class=\"elementor-column-wrap elementor-element-populated\">\n\t\t\t\t\t<div class=\"elementor-widget-wrap\">\n\t\t\t\t<div data-id=\"01ddf36\" class=\"elementor-element elementor-element-01ddf36 elementor-widget elementor-widget-text-editor\" data-element_type=\"text-editor.default\">\n\t\t\t\t<div class=\"elementor-widget-container\">\n\t\t\t\t\t<div class=\"elementor-text-editor elementor-clearfix\"><p style=\"margin-left: 15px; font-style: italic; font-family: arial; font-size: 13px; font-weight: bold; color: #444444;\"><span style=\"font-size: 10pt;\">Bug\u00fcne kadar y\u00fcr\u00fct\u00fclm\u00fc\u015f baz\u0131 Ar-Ge projeleri<\/span><\/p><ul style=\"margin-top: 0px; margin-bottom: -20px; margin-left: 35px; font-family: arial; font-size: 13px; color: #444444;\"><li><span style=\"font-size: 10pt;\">Ak\u0131\u015fkan-Yap\u0131 Etkile\u015fimi Problemleri \u0130\u00e7in Paralel Bilgisayar Yaz\u0131l\u0131m\u0131 Geli\u015ftirme*<\/span><\/li><li><span style=\"font-size: 10pt;\">Bilgisayar Hesaplamal\u0131 Ak\u0131\u015fkanlar Dinami\u011fi \u0130\u00e7in \u00d6n \u0130\u015flemci Geli\u015ftirme*<\/span><\/li><li><span style=\"font-size: 10pt;\">Kompleks Y\u00fczey Geometrileri \u0130\u00e7in Parametrik D\u00fczensiz \u00c7\u00f6z\u00fcma\u011f\u0131 Ve Kat\u0131 Model Yaz\u0131l\u0131m\u0131 Geli\u015ftirme* (TEYDEB 2015 Ba\u015far\u0131 \u00d6yk\u00fcs\u00fc)<\/span><\/li><li><span style=\"font-size: 10pt;\">CAEeda Yerli Yaz\u0131l\u0131m Paketine Yap\u0131sal Ve Termal Tasar\u0131m Yeteneklerinin Kazand\u0131r\u0131lmas\u0131*<\/span><\/li><li><span style=\"font-size: 10pt;\">Aerodinamik Ve Yap\u0131sal Tasar\u0131m \u0130\u00e7in \u015eekil Optimizasyon Ve Otomasyon Yaz\u0131l\u0131m\u0131 Geli\u015ftirme*<\/span><\/li><li><span style=\"font-size: 10pt;\">Aeroelastisite Problemleri \u0130\u00e7in Ak\u0131\u015fkan-Yap\u0131 Etkile\u015fimi Analizlerinin Paralel Bilgisayar Sistemlerinde Yap\u0131lmas\u0131na Y\u00f6nelik Yaz\u0131l\u0131m Geli\u015ftirme**<\/span><\/li><li><span style=\"font-size: 10pt;\">Kompozit Yap\u0131 Elemanlar\u0131 \u0130\u00e7in Yap\u0131sal Analiz Ve Tasar\u0131m Optimizasyonu Yaz\u0131l\u0131m\u0131 Geli\u015ftirme<\/span><\/li><li><span style=\"font-size: 10pt;\">Balistik Tasar\u0131m ve Analiz Yaz\u0131l\u0131m\u0131 Geli\u015ftirme<\/span><\/li><li><span style=\"font-size: 10pt;\">Roket Motoru Yak\u0131t \u00c7ekirde\u011fi Geriletme Yaz\u0131l\u0131m\u0131 Geli\u015ftirme<\/span><\/li><\/ul><p style=\"margin-top: 30px; margin-left: 35px; font-style: italic; font-family: arial; font-size: 13px;\"><span style=\"font-size: 10pt;\">* T\u00dcB\u0130TAK-TEYDEB taraf\u0131ndan desteklenmi\u015ftir.<\/span><\/p><p style=\"margin-top: -10px; margin-left: 35px; font-style: italic; font-family: arial; font-size: 13px;\"><span style=\"font-size: 10pt;\">** KOSGEB taraf\u0131ndan desteklenmi\u015ftir.<\/span><\/p><\/div>\n\t\t\t\t<\/div>\n\t\t\t\t<\/div>\n\t\t\t\t\t\t<\/div>\n\t\t\t<\/div>\n\t\t<\/div>\n\t\t\t\t\t\t<\/div>\n\t\t\t<\/div>\n\t\t<\/section>\n\t\t\t\t\t\t<\/div>\n\t\t\t<\/div>\n\t\t<\/div>\n\t\t\t\t\t\t<\/div>\n\t\t\t<\/div>\n\t\t<\/section>\n\t\t\t\t\t\t<\/div>\n\t\t\t<\/div>\n\t\t<\/div>\n\t\t","protected":false},"excerpt":{"rendered":"<p>Ama\u00e7 Karma\u015f\u0131k m\u00fchendislik tasar\u0131m problemlerinin \u00e7\u00f6z\u00fcm\u00fc ve ileri teknoloji \u00fcr\u00fcn\u00fc tasar\u0131mlar\u0131n geli\u015ftirilmesine y\u00f6nelik \u00e7al\u0131\u015fmalar i\u00e7in gerekli olan\u2026 \u2026m\u00fchendislik yeteneklerinin kazan\u0131lmas\u0131 \u2026m\u00fchendislik bilgi birikiminin olu\u015fturulmas\u0131 \u2026m\u00fchendislik tasar\u0131m \u2013 analiz yaz\u0131l\u0131mlar\u0131n\u0131n geli\u015ftirilmesi Faaliyetler \u0130lgili sekt\u00f6r kurulu\u015flar\u0131 taraf\u0131ndan; tasar\u0131m geli\u015ftirme, iyile\u015ftirme ya da optimizasyonu amac\u0131 ile\u2026 \u2026y\u00fcr\u00fct\u00fclmekte olan \u00e7al\u0131\u015fmalar s\u0131ras\u0131nda talep edilen m\u00fchendislik hizmetleri kapsam\u0131nda yap\u0131lan \u00e7al\u0131\u015fmalar \u2026yap\u0131lmas\u0131 [&hellip;]<\/p>\n","protected":false},"author":1,"featured_media":0,"parent":2152,"menu_order":3,"comment_status":"closed","ping_status":"closed","template":"","meta":[],"_links":{"self":[{"href":"https:\/\/www.eda-ltd.com.tr\/index.php\/wp-json\/wp\/v2\/pages\/4070"}],"collection":[{"href":"https:\/\/www.eda-ltd.com.tr\/index.php\/wp-json\/wp\/v2\/pages"}],"about":[{"href":"https:\/\/www.eda-ltd.com.tr\/index.php\/wp-json\/wp\/v2\/types\/page"}],"author":[{"embeddable":true,"href":"https:\/\/www.eda-ltd.com.tr\/index.php\/wp-json\/wp\/v2\/users\/1"}],"replies":[{"embeddable":true,"href":"https:\/\/www.eda-ltd.com.tr\/index.php\/wp-json\/wp\/v2\/comments?post=4070"}],"version-history":[{"count":25,"href":"https:\/\/www.eda-ltd.com.tr\/index.php\/wp-json\/wp\/v2\/pages\/4070\/revisions"}],"predecessor-version":[{"id":4293,"href":"https:\/\/www.eda-ltd.com.tr\/index.php\/wp-json\/wp\/v2\/pages\/4070\/revisions\/4293"}],"up":[{"embeddable":true,"href":"https:\/\/www.eda-ltd.com.tr\/index.php\/wp-json\/wp\/v2\/pages\/2152"}],"wp:attachment":[{"href":"https:\/\/www.eda-ltd.com.tr\/index.php\/wp-json\/wp\/v2\/media?parent=4070"}],"curies":[{"name":"wp","href":"https:\/\/api.w.org\/{rel}","templated":true}]}}