{"id":2276,"date":"2018-06-11T17:30:48","date_gmt":"2018-06-11T15:30:48","guid":{"rendered":"http:\/\/www.eda-ltd.com.tr\/?page_id=2276"},"modified":"2021-05-07T16:42:30","modified_gmt":"2021-05-07T14:42:30","slug":"tasarim-iyilestirme","status":"publish","type":"page","link":"https:\/\/www.eda-ltd.com.tr\/index.php\/faaliyetler\/tasarim-analiz\/tasarim-iyilestirme\/","title":{"rendered":"Tasar\u0131m \u0130yile\u015ftirme"},"content":{"rendered":"<p style=\"font-size: 13px;\">EDA; tasar\u0131m ve tasar\u0131m optimizasyonu \u00e7al\u0131\u015fmalar\u0131na ek olarak, mevcut bir tasar\u0131m\u0131n kullan\u0131c\u0131 istek ve ihtiya\u00e7lar\u0131 do\u011frultusunda iyile\u015ftirilmesi amac\u0131 ile tasar\u0131m iyile\u015ftirme \u00e7al\u0131\u015fmalar\u0131 y\u00fcr\u00fctmektedir.<\/p>\n<p style=\"margin-bottom: 20px; font-size: 13px;\">Bu \u00e7al\u0131\u015fmalar s\u0131ras\u0131nda yararlan\u0131c\u0131 kurum ya da kurulu\u015flar\u0131n talep ve ihtiya\u00e7lar\u0131na ba\u011fl\u0131 olarak ilgili personellerinin geli\u015ftirilecek modeller ve deney sonu\u00e7lar\u0131n\u0131 inceleyerek yeni model i\u00e7in karar almalar\u0131na yard\u0131mc\u0131 olacak etkile\u015fimli at\u00f6lye \u00e7al\u0131\u015fmalar\u0131 yap\u0131labilmektedir.<\/p>\n<div style=\"background: linear-gradient(#e6e6e6, #f6f6f6); ;\/* border-radius: 2px; ! margin-bottom: 10px; *\/ \/*! border-width: 5px; *\/\/*! border-style: solid; *\/\/*! border-color: #e6e6e6; *\/font-size: 12px; font-family: arial; border-top-color: #e6e6e6; border-top-style: solid; border-top-width: 10px;\">\n<p style=\"margin-left: 15px; font-style: italic; font-family: arial; \/*! font-size: 12px; *\/font-weight: bold;\"><span style=\"font-size: 10pt;\">Tasar\u0131m iyile\u015ftirme \u00e7al\u0131\u015fmas\u0131 s\u0131ras\u0131nda izlenen yol<\/span><\/p>\n<p style=\"margin-left: 20px; margin-bottom: 0px; \/*! font-size: 12px; *\/font-family: arial;\"><span style=\"font-size: 10pt;\">A\u015fama-1<\/span><\/p>\n<ul style=\"margin-top: 5px; margin-bottom: 10px; font-style: italic; font-family: arial; \/*! font-size: 12px; *\/margin-left: 45px;\">\n<li><span style=\"font-size: 10pt;\">Mevcut \u00fcr\u00fcn veya komponentin modellenerek, elde edilen sonu\u00e7lar\u0131n mevcut deney sonu\u00e7lar\u0131yla kar\u015f\u0131la\u015ft\u0131r\u0131lmas\u0131.<\/span><\/li>\n<li><span style=\"font-size: 10pt;\">Yap\u0131lacak de\u011ferlendirmeyi takiben belirlenen tasar\u0131m de\u011fi\u015fiklik \u00f6nerilerinin yararlan\u0131c\u0131ya sunulmas\u0131.<\/span><\/li>\n<\/ul>\n<p style=\"margin-left: 20px; margin-bottom: 0px; \/*! font-size: 12px; *\/font-family: arial;\"><span style=\"font-size: 10pt;\">A\u015fama-2<\/span><\/p>\n<ul style=\"margin-top: 5px; margin-bottom: 10px; font-style: italic; font-family: arial; \/*! font-size: 12px; *\/margin-left: 45px;\">\n<li><span style=\"font-size: 10pt;\">\u00d6nerilen tasar\u0131m de\u011fi\u015fikliklerinin yararlan\u0131c\u0131 taraf\u0131ndan onaylanmas\u0131 halinde yeni tasar\u0131m\u0131n modellenmesi ve davran\u0131\u015f\u0131n\u0131n hesaplanmas\u0131.<\/span><\/li>\n<li><span style=\"font-size: 10pt;\">Yeni tasar\u0131m\u0131n imal ettirilmesi ve model sonu\u00e7lar\u0131yla kar\u015f\u0131la\u015ft\u0131r\u0131lmak \u00fczere test edilmesi.<\/span><\/li>\n<\/ul>\n<p style=\"margin-left: 20px; margin-bottom: 0px; \/*! font-size: 12px; *\/font-family: arial;\"><span style=\"font-size: 10pt;\">A\u015fama-3<\/span><\/p>\n<ul style=\"margin-top: 5px; margin-bottom: 10px; font-style: italic; font-family: arial; \/*! font-size: 12px; *\/margin-left: 45px;\">\n<li><span style=\"font-size: 10pt;\">Projede incelenen \u00fcr\u00fcne benzer \u00fcr\u00fcnlerin tasar\u0131m\u0131 ve modellemesi i\u00e7in geli\u015ftirilen model ve yaz\u0131l\u0131mlar m\u00fc\u015fteriye kullan\u0131lmas\u0131 i\u00e7in verilir.<\/span><\/li>\n<\/ul>\n<p style=\"margin-top: 20px;\"><img class=\"aligncenter size-large wp-image-2485; float:left;\" src=\"https:\/\/www.eda-ltd.com.tr\/wp-content\/uploads\/2021\/02\/tasarim_iyilestirme_2021.png\" sizes=\"(max-width: 1024px) 100vw, 1024px\" srcset=\"https:\/\/www.eda-ltd.com.tr\/wp-content\/uploads\/2021\/02\/tasarim_iyilestirme_2021.png 1024w, https:\/\/www.eda-ltd.com.tr\/wp-content\/uploads\/2021\/02\/tasarim_iyilestirme_2021.png 300w, https:\/\/www.eda-ltd.com.tr\/wp-content\/uploads\/2021\/02\/tasarim_iyilestirme_2021.png 768w, https:\/\/www.eda-ltd.com.tr\/wp-content\/uploads\/2021\/02\/tasarim_iyilestirme_2021.png 150w, https:\/\/www.eda-ltd.com.tr\/wp-content\/uploads\/2021\/02\/tasarim_iyilestirme_2021.png 400w\" alt=\"\" \/><\/p>\n<\/div>\n","protected":false},"excerpt":{"rendered":"<p>EDA; tasar\u0131m ve tasar\u0131m optimizasyonu \u00e7al\u0131\u015fmalar\u0131na ek olarak, mevcut bir tasar\u0131m\u0131n kullan\u0131c\u0131 istek ve ihtiya\u00e7lar\u0131 do\u011frultusunda iyile\u015ftirilmesi amac\u0131 ile tasar\u0131m iyile\u015ftirme \u00e7al\u0131\u015fmalar\u0131 y\u00fcr\u00fctmektedir. Bu \u00e7al\u0131\u015fmalar s\u0131ras\u0131nda yararlan\u0131c\u0131 kurum ya da kurulu\u015flar\u0131n talep ve ihtiya\u00e7lar\u0131na ba\u011fl\u0131 olarak ilgili personellerinin geli\u015ftirilecek modeller ve deney sonu\u00e7lar\u0131n\u0131 inceleyerek yeni model i\u00e7in karar almalar\u0131na yard\u0131mc\u0131 olacak etkile\u015fimli at\u00f6lye \u00e7al\u0131\u015fmalar\u0131 yap\u0131labilmektedir. [&hellip;]<\/p>\n","protected":false},"author":1,"featured_media":0,"parent":2156,"menu_order":55,"comment_status":"closed","ping_status":"closed","template":"","meta":[],"_links":{"self":[{"href":"https:\/\/www.eda-ltd.com.tr\/index.php\/wp-json\/wp\/v2\/pages\/2276"}],"collection":[{"href":"https:\/\/www.eda-ltd.com.tr\/index.php\/wp-json\/wp\/v2\/pages"}],"about":[{"href":"https:\/\/www.eda-ltd.com.tr\/index.php\/wp-json\/wp\/v2\/types\/page"}],"author":[{"embeddable":true,"href":"https:\/\/www.eda-ltd.com.tr\/index.php\/wp-json\/wp\/v2\/users\/1"}],"replies":[{"embeddable":true,"href":"https:\/\/www.eda-ltd.com.tr\/index.php\/wp-json\/wp\/v2\/comments?post=2276"}],"version-history":[{"count":25,"href":"https:\/\/www.eda-ltd.com.tr\/index.php\/wp-json\/wp\/v2\/pages\/2276\/revisions"}],"predecessor-version":[{"id":4295,"href":"https:\/\/www.eda-ltd.com.tr\/index.php\/wp-json\/wp\/v2\/pages\/2276\/revisions\/4295"}],"up":[{"embeddable":true,"href":"https:\/\/www.eda-ltd.com.tr\/index.php\/wp-json\/wp\/v2\/pages\/2156"}],"wp:attachment":[{"href":"https:\/\/www.eda-ltd.com.tr\/index.php\/wp-json\/wp\/v2\/media?parent=2276"}],"curies":[{"name":"wp","href":"https:\/\/api.w.org\/{rel}","templated":true}]}}